 1359.
3, 151
List the prime factors of 1416.
2, 3, 59
What are the prime factors of 17890?
2, 5, 1789
List the prime factors of 31629.
3, 13, 811
List the prime factors of 6969.
3, 23, 101
What are the prime factors of 69476?
2, 11, 1579
List the prime factors of 30345.
3, 5, 7, 17
List the prime factors of 1378.
2, 13, 53
What are the prime factors of 13437?
3, 1493
List the prime factors of 1067.
11, 97
List the prime factors of 16917.
3, 5639
List the prime factors of 861.
3, 7, 41
What are the prime factors of 13216?
2, 7, 59
List the prime factors of 28548.
2, 3, 13, 61
What are the prime factors of 764?
2, 191
List the prime factors of 13369.
29, 461
List the prime factors of 15175.
5, 607
What are the prime factors of 1841?
7, 263
What are the prime factors of 1007?
19, 53
What are the prime factors of 12521?
19, 659
List the prime factors of 25586.
2, 11, 1163
List the prime factors of 1339.
13, 103
List the prime factors of 6745.
5, 19, 71
What are the prime factors of 3077?
17, 181
List the prime factors of 1037.
17, 61
List the prime factors of 965.
5, 193
What are the prime factors of 6026?
2, 23, 131
List the prime factors of 1666.
2, 7, 17
List the prime factors of 3916.
2, 11, 89
List the prime factors of 45452.
2, 11, 1033
What are the prime factors of 5576?
2, 17, 41
What are the prime factors of 16055?
5, 13, 19
List the prime factors of 25447.
25447
What are the prime factors of 1964?
2, 491
What are the prime factors of 1897?
7, 271
What are the prime factors of 31816?
2, 41, 97
What are the prime factors of 11307?
3, 3769
List the prime factors of 211.
211
List the prime factors of 5686.
2, 2843
What are the prime factors of 39011?
7, 5573
What are the prime factors of 24161?
37, 653
What are the prime factors of 26763?
3, 11, 811
What are the prime factors of 3724?
2, 7, 19
List the prime factors of 31508.
2, 7877
List the prime factors of 38285.
5, 13, 19, 31
List the prime factors of 14622.
2, 3, 2437
List the prime factors of 14316.
2, 3, 1193
What are the prime factors of 49196?
2, 7, 251
What are the prime factors of 30590?
2, 5, 7, 19, 23
List the prime factors of 4741.
11, 431
List the prime factors of 4974.
2, 3, 829
What are the prime factors of 5121?
3, 569
What are the prime factors of 26231?
17, 1543
What are the prime factors of 1642?
2, 821
What are the prime factors of 23275?
5, 7, 19
What are the prime factors of 45976?
2, 7, 821
List the prime factors of 481.
13, 37
What are the prime factors of 7184?
2, 449
What are the prime factors of 350?
2, 5, 7
What are the prime factors of 351?
3, 13
List the prime factors of 36138.
2, 3, 19, 317
List the prime factors of 11462.
2, 11, 521
List the prime factors of 85926.
2, 3, 14321
What are the prime factors of 1387?
19, 73
List the prime factors of 166781.
166781
List the prime factors of 1610.
2, 5, 7, 23
What are the prime factors of 94753?
19, 4987
What are the prime factors of 1940?
2, 5, 97
What are the prime factors of 79452?
2, 3, 2207
What are the prime factors of 2127?
3, 709
What are the prime factors of 5242?
2, 2621
What are the prime factors of 74?
2, 37
List the prime factors of 62.
2, 31
What are the prime factors of 10163?
10163
List the prime factors of 1752.
2, 3, 73
What are the prime factors of 43?
43
What are the prime factors of 68057?
11, 23, 269
What are the prime factors of 951?
3, 317
List the prime factors of 7173.
3, 797
List the prime factors of 3197.
23, 139
List the prime factors of 38013.
3, 12671
What are the prime factors of 2731?
2731
List the prime factors of 1234.
2, 617
List the prime factors of 1815.
3, 5, 11
List the prime factors of 2885.
5, 577
List the prime factors of 398.
2, 199
What are the prime factors of 149?
149
List the prime factors of 160.
2, 5
What are the prime factors of 89?
89
List the prime factors of 4965.
3, 5, 331
What are the prime factors of 318?
2, 3, 53
What are the prime factors of 6631?
19, 349
List the prime factors of 791.
7, 113
List the prime factors of 2265.
3, 5, 151
What are the prime factors of 2013?
3, 11, 61
What are the prime factors of 3291?
3, 1097
What are the prime factors of 23908?
2, 43, 139
What are the prime factors of 14571?
3, 1619
What are the prime factors of 40159?
7, 5737
List the prime factors of 13082.
2, 31, 211
What are the prime factors of 779?
19, 41
List the prime factors of 1265.
5, 11, 23
What are the prime factors of 1241?
17, 73
List the prime factors of 1577.
19, 83
List the prime factors of 620.
2, 5, 31
List the prime factors of 453.
3, 151
What are the prime factors of 665?
5, 7, 19
What are the prime factors of 69053?
199, 347
List the prime factors of 10176.
2, 3, 53
List the prime factors of 9268.
2, 7, 331
List the prime factors of 11267.
19, 593
What are the prime factors of 12770?
2, 5, 1277
List the prime factors of 2691.
3, 13, 23
List the prime factors of 13455.
3, 5, 13, 23
What are the prime factors of 9188?
2, 2297
What are the prime factors of 38130?
2, 3, 5, 31, 41
List the prime factors of 18719.
18719
List the prime factors of 39705.
3, 5, 2647
What are the prime factors of 3667?
19, 193
What are the prime factors of 24961?
109, 229
What are the prime factors of 22268?
2, 19, 293
What are the prime factors of 335?
5, 67
What are the prime factors of 135454?
2, 11, 47, 131
What are the prime factors of 2375?
5, 19
List the prime factors of 33310.
2, 5, 3331
List the prime factors of 1372.
2, 7
What are the prime factors of 5242?
2, 2621
What are the prime factors of 94432?
2, 13, 227
List the prime factors of 4201.
4201
What are the prime factors of 36278?
2, 11, 17, 97
List the prime factors of 4628.
2, 13, 89
List the prime factors of 30456.
2, 3, 47
List the prime factors of 1670.
2, 5, 167
What are the prime factors of 13690?
2, 5, 37
What are the prime factors of 4148?
2, 17, 61
List the prime factors of 3840.
2, 3, 5
List the prime factors of 508.
2, 127
What are the prime factors of 763?
7, 109
List the prime factors of 777.
3, 7, 37
List the prime factors of 6639.
3, 2213
List the prime factors of 8188.
2, 23, 89
What are the prime factors of 24225?
3, 5, 17, 19
List the prime factors of 77180.
2, 5, 17, 227
What are the prime factors of 109372?
2, 37, 739
List the prime factors of 13104.
2, 3, 7, 13
What are the prime factors of 52084?
2, 29, 449
What are the prime factors of 634?
2, 317
List the prime factors of 4706.
2, 13, 181
What are the prime factors of 1666?
2, 7, 17
List the prime factors of 151.
151
List the prime factors of 568.
2, 71
List the prime factors of 1738.
2, 11, 79
List the prime factors of 43381.
13, 47, 71
List the prime factors of 1455.
3, 5, 97
What are the prime factors of 934?
2, 467
List the prime factors of 1019.
1019
What are the prime factors of 11239?
11239
List the prime factors of 171758.
2, 157, 547
List the prime factors of 13155.
3, 5, 877
What are the prime factors of 1448?
2, 181
List the prime factors of 3211.
13, 19
List the prime factors of 202714.
2, 79, 1283
What are the prime factors of 51197?
51197
What are the prime factors of 14406?
2, 3, 7
List the prime factors of 483.
3, 7, 23
List the prime factors of 855.
3, 5, 19
What are the prime factors of 29785?
5, 7, 23, 37
What are the prime factors of 30934?
2, 15467
What are the prime factors of 1639?
11, 149
What are the prime factors of 8817?
3, 2939
List the prime factors of 919.
919
What are the prime factors of 1194?
2, 3, 199
List the prime factors of 786.
2, 3, 131
List the prime factors of 46123.
7, 11, 599
List the prime factors of 95586.
2, 3, 89, 179
List the prime factors of 8350.
2, 5, 167
What are the prime factors of 64728?
2, 3, 29, 31
What are the prime factors of 132?
2, 3, 11
List the prime factors of 1165.
5, 233
What are the prime factors of 45790?
2, 5, 19, 241
List the prime factors of 12811.
23, 557
List the prime factors of 99.
3, 11
List the prime factors of 830.
2, 5, 83
List the prime factors of 402.
2, 3, 67
What are the prime factors of 4562?
2, 2281
What are the prime factors of 983?
983
List the prime factors of 124907.
124907
List the prime factors of 3127.
53, 59
List the prime factors of 13296.
2, 3, 277
What are the prime factors of 44631?
3, 19, 29
What are the prime factors of 49521?
3, 17, 971
W